{"id":4396,"date":"2025-05-24T20:11:47","date_gmt":"2025-05-24T20:11:47","guid":{"rendered":"https:\/\/dizoma.com\/?post_type=product&#038;p=4396"},"modified":"2025-05-24T20:27:12","modified_gmt":"2025-05-24T20:27:12","slug":"impressora-smart-tank-790-all-in-one","status":"publish","type":"product","link":"https:\/\/dizoma.com\/inicio\/product\/impressora-smart-tank-790-all-in-one\/","title":{"rendered":"IMPRESSORA SMART TANK 790 ALL-IN-ONE"},"content":{"rendered":"<table class=\"ncrangola-components-1-x-specificationTable\">\n<tbody class=\"ncrangola-components-1-x-specificationTableTBody\">\n<tr class=\"ncrangola-components-1-x-specificationTableTr\">\n<td class=\"ncrangola-components-1-x-specificationTableTdName\">Marca<\/td>\n<td class=\"ncrangola-components-1-x-specificationTableTd\">HP<\/td>\n<\/tr>\n<tr class=\"ncrangola-components-1-x-specificationTableTr\">\n<td class=\"ncrangola-components-1-x-specificationTableTdName\">Alimenta\u00e7\u00e3o<\/td>\n<td class=\"ncrangola-components-1-x-specificationTableTd\">AT\u00c9 250 FOLHAS<\/td>\n<\/tr>\n<tr class=\"ncrangola-components-1-x-specificationTableTr\">\n<td class=\"ncrangola-components-1-x-specificationTableTdName\">Fun\u00e7\u00f5es<\/td>\n<td class=\"ncrangola-components-1-x-specificationTableTd\">IMPRESS\u00c3O, DIGITALIZA\u00c7\u00c3O, C\u00d3PIA, FAX.<\/td>\n<\/tr>\n<tr class=\"ncrangola-components-1-x-specificationTableTr\">\n<td class=\"ncrangola-components-1-x-specificationTableTdName\">Impress\u00e3o<\/td>\n<td class=\"ncrangola-components-1-x-specificationTableTd\">APPLE AIRPRINT; SERVI\u00c7O DE IMPRESS\u00c3O MOPRIA; PLUG-IN DO SERVI\u00c7O DE IMPRESS\u00c3O HP (IMPRESS\u00c3O ANDROID); APLICATIVO HP SMART; IMPRESS\u00c3O WI-FI DIRECT<\/td>\n<\/tr>\n<tr class=\"ncrangola-components-1-x-specificationTableTr\">\n<td class=\"ncrangola-components-1-x-specificationTableTdName\">Sistema operativo<\/td>\n<td class=\"ncrangola-components-1-x-specificationTableTd\">WINDOWS 11; WINDOWS 10; WINDOWS 7; MACOS 10.14 MOJAVE; MACOS 10.15 CATALINA; MACOS 11 BIG SUR; MACOS 12 MONTEREY; MACOS 13 VENTURA; MACOS 14 SONOMA<\/td>\n<\/tr>\n<tr class=\"ncrangola-components-1-x-specificationTableTr\">\n<td class=\"ncrangola-components-1-x-specificationTableTdName\">Tamanho<\/td>\n<td class=\"ncrangola-components-1-x-specificationTableTd\">A4; A5; A6; B5 (JIS); Envelope (DL, C5, C6, Chou #3, Chou #4); Cart\u00e3o (Hagaki, Ofuku Hagaki); JUR\u00cdDICO<\/td>\n<\/tr>\n<tr class=\"ncrangola-components-1-x-specificationTableTr\">\n<td class=\"ncrangola-components-1-x-specificationTableTdName\">Tecnologia de impress\u00e3o<\/td>\n<td class=\"ncrangola-components-1-x-specificationTableTd\">JATO DE TINTA<\/td>\n<\/tr>\n<tr class=\"ncrangola-components-1-x-specificationTableTr\">\n<td class=\"ncrangola-components-1-x-specificationTableTdName\">Tinteiro<\/td>\n<td class=\"ncrangola-components-1-x-specificationTableTd\">GT52 e GT53<\/td>\n<\/tr>\n<tr class=\"ncrangola-components-1-x-specificationTableTr\">\n<td class=\"ncrangola-components-1-x-specificationTableTdName\">USB<\/td>\n<td class=\"ncrangola-components-1-x-specificationTableTd\">SIM<\/td>\n<\/tr>\n<tr class=\"ncrangola-components-1-x-specificationTableTr\">\n<td class=\"ncrangola-components-1-x-specificationTableTdName\">Velocidade impress\u00e3o preto<\/td>\n<td class=\"ncrangola-components-1-x-specificationTableTd\">AT\u00c9 23 PPM<\/td>\n<\/tr>\n<tr class=\"ncrangola-components-1-x-specificationTableTr\">\n<td class=\"ncrangola-components-1-x-specificationTableTdName\">Velocidade sem fio<\/td>\n<td class=\"ncrangola-components-1-x-specificationTableTd\">AT\u00c9 22 PPM<\/td>\n<\/tr>\n<tr class=\"ncrangola-components-1-x-specificationTableTr\">\n<td class=\"ncrangola-components-1-x-specificationTableTdName\">Wi-fi<\/td>\n<td class=\"ncrangola-components-1-x-specificationTableTd\">SIM<\/td>\n<\/tr>\n<tr class=\"ncrangola-components-1-x-specificationTableTr\">\n<td class=\"ncrangola-components-1-x-specificationTableTdName\">Wireless<\/td>\n<td class=\"ncrangola-components-1-x-specificationTableTd\">SIM<\/td>\n<\/tr>\n<\/tbody>\n<\/table>\n","protected":false},"excerpt":{"rendered":"<p>MAIS INFORMA\u00c7\u00c3O<\/p>\n<p>A Impressora HP Smart Tank 790 \u00e9 uma impressora multifuncional (impress\u00e3o, c\u00f3pia, digitaliza\u00e7\u00e3o e en&#8230;<\/p>\n","protected":false},"featured_media":4397,"comment_status":"open","ping_status":"closed","template":"","meta":[],"product_cat":[93],"product_tag":[],"class_list":{"0":"post-4396","1":"product","2":"type-product","3":"status-publish","4":"has-post-thumbnail","6":"product_cat-impressoras-e-scanners","8":"first","9":"instock","10":"shipping-taxable","11":"purchasable","12":"product-type-simple","13":"col-xs-6 col-sm-4","14":"col-md-3 col-lg-3","15":"un-4-cols"},"_links":{"self":[{"href":"https:\/\/dizoma.com\/inicio\/wp-json\/wp\/v2\/product\/4396","targetHints":{"allow":["GET"]}}],"collection":[{"href":"https:\/\/dizoma.com\/inicio\/wp-json\/wp\/v2\/product"}],"about":[{"href":"https:\/\/dizoma.com\/inicio\/wp-json\/wp\/v2\/types\/product"}],"replies":[{"embeddable":true,"href":"https:\/\/dizoma.com\/inicio\/wp-json\/wp\/v2\/comments?post=4396"}],"wp:featuredmedia":[{"embeddable":true,"href":"https:\/\/dizoma.com\/inicio\/wp-json\/wp\/v2\/media\/4397"}],"wp:attachment":[{"href":"https:\/\/dizoma.com\/inicio\/wp-json\/wp\/v2\/media?parent=4396"}],"wp:term":[{"taxonomy":"product_cat","embeddable":true,"href":"https:\/\/dizoma.com\/inicio\/wp-json\/wp\/v2\/product_cat?post=4396"},{"taxonomy":"product_tag","embeddable":true,"href":"https:\/\/dizoma.com\/inicio\/wp-json\/wp\/v2\/product_tag?post=4396"}],"curies":[{"name":"wp","href":"https:\/\/api.w.org\/{rel}","templated":true}]}}