{"id":5246,"date":"2025-05-30T21:27:08","date_gmt":"2025-05-30T21:27:08","guid":{"rendered":"https:\/\/dizoma.com\/product\/to-hp-w2073a-117a-magenta-lj150-mfp178-mfp179-700-pages\/"},"modified":"2025-06-03T15:40:31","modified_gmt":"2025-06-03T15:40:31","slug":"to-hp-w2073a-117a-magenta-lj150-mfp178-mfp179-700-pages","status":"publish","type":"product","link":"https:\/\/dizoma.com\/inicio\/product\/to-hp-w2073a-117a-magenta-lj150-mfp178-mfp179-700-pages\/","title":{"rendered":"TONER HP W2073A  117A MAGENTA LJ150\/MFP178\/MFP179 (700 PAGES)"},"content":{"rendered":"","protected":false},"excerpt":{"rendered":"<p>Ideal para escrit\u00f3rios de micro e pequenas empresas que gostariam de come\u00e7ar a imprimir com a tecnologia de impress\u00e3o laser de uma marca l\u00edder no setor \u2013 a HP.<br \/>\nHP 117A. Rendimento da p\u00e1gina de toner a cores: 700 p\u00e1ginas, Cor(es) dos cartuchos de impress\u00e3o: Magenta<\/p>\n","protected":false},"featured_media":5699,"comment_status":"open","ping_status":"closed","template":"","meta":[],"product_cat":[74],"product_tag":[],"class_list":{"0":"post-5246","1":"product","2":"type-product","3":"status-publish","4":"has-post-thumbnail","6":"product_cat-consumiveis-impressao","8":"first","9":"instock","10":"shipping-taxable","11":"purchasable","12":"product-type-simple","13":"col-xs-6 col-sm-4","14":"col-md-3 col-lg-3","15":"un-4-cols"},"_links":{"self":[{"href":"https:\/\/dizoma.com\/inicio\/wp-json\/wp\/v2\/product\/5246","targetHints":{"allow":["GET"]}}],"collection":[{"href":"https:\/\/dizoma.com\/inicio\/wp-json\/wp\/v2\/product"}],"about":[{"href":"https:\/\/dizoma.com\/inicio\/wp-json\/wp\/v2\/types\/product"}],"replies":[{"embeddable":true,"href":"https:\/\/dizoma.com\/inicio\/wp-json\/wp\/v2\/comments?post=5246"}],"wp:featuredmedia":[{"embeddable":true,"href":"https:\/\/dizoma.com\/inicio\/wp-json\/wp\/v2\/media\/5699"}],"wp:attachment":[{"href":"https:\/\/dizoma.com\/inicio\/wp-json\/wp\/v2\/media?parent=5246"}],"wp:term":[{"taxonomy":"product_cat","embeddable":true,"href":"https:\/\/dizoma.com\/inicio\/wp-json\/wp\/v2\/product_cat?post=5246"},{"taxonomy":"product_tag","embeddable":true,"href":"https:\/\/dizoma.com\/inicio\/wp-json\/wp\/v2\/product_tag?post=5246"}],"curies":[{"name":"wp","href":"https:\/\/api.w.org\/{rel}","templated":true}]}}